17?
False
Is 308 a multiple of 7?
True
Is 7326 a multiple of 37?
True
Does 63 divide 21098?
False
Does 35 divide 752?
False
Is 15 a factor of 468?
False
Does 20 divide 820?
True
Is 10 a factor of 20266?
False
Is 474 a multiple of 14?
False
Is 502 a multiple of 11?
False
Does 6 divide 169?
False
Does 59 divide 40533?
True
Does 28 divide 22484?
True
Does 3 divide 10597?
False
Is 14 a factor of 9982?
True
Is 19 a factor of 4465?
True
Is 7 a factor of 8176?
True
Is 586 a multiple of 29?
False
Is 4662 a multiple of 126?
True
Does 4 divide 54?
False
Is 60 a factor of 1860?
True
Does 42 divide 11589?
False
Is 26 a factor of 997?
False
Is 7 a factor of 231?
True
Is 7334 a multiple of 3?
False
Does 85 divide 1275?
True
Is 60 a factor of 10620?
True
Is 36 a factor of 396?
True
Is 33675 a multiple of 6?
False
Does 64 divide 2560?
True
Is 850 a multiple of 7?
False
Does 228 divide 80028?
True
Does 5 divide 929?
False
Is 4128 a multiple of 3?
True
Is 1302 a multiple of 14?
True
Is 3 a factor of 609?
True
Does 4 divide 2392?
True
Is 3 a factor of 21?
True
Is 40 a factor of 2200?
True
Is 62 a factor of 1480?
False
Is 7426 a multiple of 47?
True
Is 1016 a multiple of 16?
False
Is 7995 even?
False
Is 11 a factor of 8910?
True
Does 15 divide 5565?
True
Is 18 a factor of 11319?
False
Is 8 a factor of 3256?
True
Does 60 divide 1116?
False
Is 7756 a multiple of 14?
True
Does 10 divide 17390?
True
Does 98 divide 4606?
True
Is 145 a multiple of 2?
False
Is 749 a multiple of 5?
False
Is 698 a multiple of 10?
False
Is 38 a factor of 7714?
True
Does 18 divide 928?
False
Does 36 divide 6948?
True
Does 4 divide 2616?
True
Does 59 divide 455?
False
Is 10 a factor of 1330?
True
Is 234 a multiple of 6?
True
Does 6 divide 2502?
True
Is 35 a factor of 595?
True
Does 12 divide 45607?
False
Does 17 divide 715?
False
Does 9 divide 27139?
False
Is 177 even?
False
Is 281 a multiple of 40?
False
Is 42 a factor of 62002?
False
Is 11 a factor of 235?
False
Is 924 a multiple of 22?
True
Does 4 divide 9812?
True
Is 4480 a multiple of 32?
True
Is 499 a multiple of 70?
False
Is 25 a factor of 220?
False
Is 24 a factor of 312?
True
Is 1909 a multiple of 19?
False
Does 366 divide 68076?
True
Is 182 a factor of 13644?
False
Is 54 a multiple of 11?
False
Does 31 divide 15810?
True
Does 5 divide 14436?
False
Does 41 divide 1602?
False
Does 20 divide 700?
True
Does 9 divide 1510?
False
Is 34 a factor of 832?
False
Is 137 a factor of 8220?
True
Is 3362 a multiple of 12?
False
Does 5 divide 805?
True
Is 330 a multiple of 33?
True
Is 67396 a multiple of 13?
False
Does 5 divide 1360?
True
Does 86 divide 42054?
True
Is 1112 a multiple of 12?
False
Is 9 a factor of 646?
False
Is 225 a factor of 71325?
True
Is 222 a multiple of 15?
False
Is 12 a factor of 1923?
False
Is 840 a multiple of 12?
True
Does 12 divide 2876?
False
Is 55 a factor of 56485?
True
Is 2306 a multiple of 12?
False
Does 43 divide 541?
False
Is 18049 a multiple of 4?
False
Is 16 a factor of 6784?
True
Is 109 a factor of 12535?
True
Is 119 a factor of 3570?
True
Is 6 a factor of 236?
False
Is 5510 a multiple of 5?
True
Does 13 divide 312?
True
Is 21 a factor of 4508?
False
Is 37 a factor of 65557?
False
Does 6 divide 558?
True
Is 52 a factor of 884?
True
Does 22 divide 1034?
True
Is 152 a factor of 13376?
True
Is 12 a factor of 372?
True
Is 40 a factor of 12720?
True
Does 29 divide 667?
True
Is 250 a multiple of 25?
True
Is 6675 a multiple of 25?
True
Is 63200 a multiple of 100?
True
Is 12422 a multiple of 19?
False
Is 3332 a multiple of 63?
False
Does 94 divide 26727?
False
Is 1100 a multiple of 20?
True
Is 23810 a multiple of 10?
True
Does 31 divide 1085?
True
Is 33 a factor of 6468?
True
Does 11 divide 153?
False
Is 21 a factor of 1810?
False
Is 14 a factor of 1376?
False
Is 3 a factor of 129?
True
Is 26186 a multiple of 35?
False
Is 17 a factor of 782?
True
Does 37 divide 13431?
True
Is 18 a factor of 282?
False
Is 152 a factor of 20368?
True
Is 102 a multiple of 3?
True
Is 372 a multiple of 62?
True
Is 3 a factor of 2523?
True
Is 232 a factor of 16240?
True
Does 10 divide 1471?
False
Is 45 a factor of 519?
False
Is 37584 a multiple of 108?
True
Does 11 divide 638?
True
Does 27 divide 10368?
True
Is 777 a multiple of 7?
True
Does 46 divide 20378?
True
Does 14 divide 74?
False
Does 3 divide 1567?
False
Is 11736 a multiple of 72?
True
Is 4 a factor of 26434?
False
Is 1701 a multiple of 21?
True
Is 5328 a multiple of 55?
False
Does 56 divide 21171?
False
Does 86 divide 9966?
False
Is 21028 a multiple of 14?
True
Is 39000 a multiple of 125?
True
Is 221 a multiple of 13?
True
Is 147 a factor of 16522?
False
Is 999 a multiple of 13?
False
Does 32 divide 2470?
False
Is 82662 a multiple of 138?
True
Is 7 a factor of 10?
False
Is 330 a multiple of 66?
True
Is 984 a multiple of 38?
False
Is 569 a multiple of 70?
False
Is 504 a multiple of 4?
True
Does 4 divide 331?
False
Is 11 a factor of 376?
False
Is 299 a factor of 26514?
False
Is 41 a factor of 8774?
True
Does 130 divide 14950?
True
Is 49 a factor of 2508?
False
Does 6 divide 3558?
True
Is 15 a factor of 210?
True
Is 22954 a multiple of 26?
False
Does 8 divide 16366?
False
Does 78 divide 23412?
False
Is 10533 a multiple of 38?
False
Is 5100 a multiple of 68?
True
Does 19 divide 5985?
True
Does 8 divide 1795?
False
Does 9 divide 364?
False
Does 7 divide 14447?
False
Is 14 a factor of 189?
False
Is 73 a factor of 8700?
False
Is 270 a multiple of 27?
True
Does 13 divide 767?
True
Is 11 a factor of 92325?
False
Does 9 divide 46008?
True
Is 7636 a multiple of 46?
True
Is 13 a factor of 89765?
True
Is 2 a factor of 922?
True
Is 564 a multiple of 12?
True
Is 6620 a multiple of 110?
False
Does 2 divide 1167?
False
Is 59458 a multiple of 14?
True
Is 9 a factor of 11115?
True
Does 12 divide 1440?
True
Is 93 a factor of 186?
True
Is 15 a factor of 90?
True
Is 12 a factor of 1944?
True
Does 95 divide 22800?
True
Is 2 a factor of 85?
False
Is 55294 a multiple of 9?
False
Does 70 divide 4340?
True
Does 37 divide 2035?
True
Is 133 a factor of 1463?
True
Does 126 divide 11088?
True
Does 36 divide 1980?
True
Is 8712 a multiple of 11?
True
Does 292 divide 70664?
True
Is 2003 a multiple of 16?
False
Is 84 even?
True
Is 2146 a multiple of 74?
True
Is 14962 a multiple of 11?
False
Is 1330 a multiple of 5?
True
Is 2 a factor of 594?
True
Is 29 a factor of 203?
True
Is 4960 a multiple of 5?
True
Is 2291 a multiple of 20?
False
Is 15374 a multiple of 22?
False
Is 27 a factor of 945?
True
Is 334 a multiple of 28?
False
Is 20 a factor of 3100?
True
Is 575 a multiple of 25?
True
Is 1776 a multiple of 48?
True
Does 44 divide 5068?
False
Is 1898 a multiple of 14?
False
Does 14 divide 210?
True
Is 4 a factor of 2096?
True
Does 9 divide 9522?
True
Does 5 divide 580?
True
Does 85 divide 10695?
False
Is 8 a factor of 3796?
False
Is 529 a multiple of 17?
False
Is 255 a factor of 20655?
True
Is 268 a factor of 94715?
False
Is 16856 a multiple of 9?
False
Does 13 divide 686?
False
Does 46 divide 8074?
False
Does 185 divide 11470?
True
Does 26 divide 7176?
True
Is 5987 a multiple of 96?
False
Is 11 a factor of 37345?
True
Does 13 divide 48178?
True
Is 2 a factor of 1084?
True
Is 20844 a multiple of 88?
False
Is 1392 a multiple of 35?
False
Is 14 a factor of 32158?
True
Does 308 divide 19745?
False
Is 27 a factor of 967?
False
Does 14 divide 2646?
True
Does 9 divide 900?
True
Does 88 divide 36978?
False
Is 122 a multiple of 4?
False
Is 18772 a multiple of 38?
True
Is 317 a multiple of 16?
False
Does 80 divide 1113?
False
Does 2 divide 69?
False
Does 28 divide 516?
False
Does 19 divide 62126?
False
Is 5375 a multiple of 27?
False
Is 32 a factor of 22038?
False
Is 30 a factor of 1500?
True
Does 43 divide 371?
False
Is 16751 a multiple of 36?
False
Is 50 a factor of 107?
False
Is 3920 a multiple of 49?
True
Is 37 a factor of 1073?
True
Is 39510 a multiple of 154?
False
Is 493 a multiple of 4?
False
Does 25 divide 21455?
False
Is 9 a factor of 997?
False
Is 17 a factor of 3903?
False
Is 2417 a multiple of 72?
False
Is 84 a multiple of 20?
False
Does 29 divide 14326?
True
Is 39 a factor of 814?
False
Does 23 divide 6888?
False
Is 572 even?
True
Does 14 divide 1753?
False
Is 3769 a multiple of 21?
False
Is 29088 a multiple 